{"id":407,"date":"2019-11-17T22:42:14","date_gmt":"2019-11-17T21:42:14","guid":{"rendered":"http:\/\/www.bru-stars.be\/?page_id=407"},"modified":"2023-12-05T22:30:18","modified_gmt":"2023-12-05T21:30:18","slug":"em-bru-stars","status":"publish","type":"page","link":"http:\/\/www.bru-stars.be\/en\/programmes-et-offres-de-soins\/soins-de-crise\/soins-mobiles\/em-bru-stars\/","title":{"rendered":"EM Bru-Stars"},"content":{"rendered":"<figure class=\"wp-block-table\">\r\n<figure class=\"wp-block-table\">\r\n<table>\r\n<tbody>\r\n<tr>\r\n<td><strong>Nom et \u00e2ge<\/strong><\/td>\r\n<td><strong>Langue<\/strong><\/td>\r\n<td><strong>Coordination m\u00e9dicale<\/strong><\/td>\r\n<td><strong>Sp\u00e9cificit\u00e9s<\/strong><\/td>\r\n<\/tr>\r\n<tr>\r\n<td>M\u00e9dico-l\u00e9gale, situations \u00ab\u00a0sp\u00e9cifiques\u00a0\u00bb<\/td>\r\n<td>Francophone<\/td>\r\n<td>Dr. Carine De Buck (10h\/s)<\/td>\r\n<td>Assertif, mandat judiciaire (surtout 36,4, Art. 8, postcures Loi 90)<\/td>\r\n<\/tr>\r\n<tr>\r\n<td>Bilingue (0-18\/23a)<\/td>\r\n<td>Majoritairement NL, bilingue<\/td>\r\n<td>Dr Marc Mertens (10h\/s)<\/td>\r\n<td>Crise + assertif<\/td>\r\n<\/tr>\r\n<tr>\r\n<td>Petite enfance (0-11a)<\/td>\r\n<td>Majoritairement FR, bilingue<\/td>\r\n<td>Dr. Karim Odr (0,5 ETP)<\/td>\r\n<td>Crise + assertif<\/td>\r\n<\/tr>\r\n<tr>\r\n<td>Jeunes ados (12-15a)<\/td>\r\n<td>Francophone<\/td>\r\n<td>Dr. Anne Fran\u00e7ois (0,5 ETP)<\/td>\r\n<td>Crise + assertif<\/td>\r\n<\/tr>\r\n<tr>\r\n<td>Grands ados (16-23a)<\/td>\r\n<td>Francophone<\/td>\r\n<td>Dr. Anne Fran\u00e7ois (ad interim)<\/td>\r\n<td>Crise + assertif<\/td>\r\n<\/tr>\r\n<\/tbody>\r\n<\/table>\r\n<\/figure>\r\n\r\n<p>&nbsp;<\/p>\r\n\r\n<p>\u2022M\u00e9dico-l\u00e9gal \u00ab\u00a0asp\u00e9cifique\u00a0\u00bb (d\u00e9finition plus large\u00a0qui implique la collaboration avec le TJ, SPJ, parquet,&#8230;)<\/p>\r\n\r\n<p>&nbsp;<\/p>\r\n\r\n<p>\u2022Double diagnostic et MENA<\/p>\r\n<\/figure>","protected":false},"excerpt":{"rendered":"<p>Nom et \u00e2ge Langue Coordination m\u00e9dicale Sp\u00e9cificit\u00e9s M\u00e9dico-l\u00e9gale, situations \u00ab\u00a0sp\u00e9cifiques\u00a0\u00bb Francophone Dr. Carine De Buck (10h\/s) Assertif, mandat judiciaire (surtout 36,4, Art. 8, postcures Loi 90) Bilingue (0-18\/23a) Majoritairement NL,<a href=\"http:\/\/www.bru-stars.be\/en\/programmes-et-offres-de-soins\/soins-de-crise\/soins-mobiles\/em-bru-stars\/\" class=\"more-link\">Read More <span class=\"screen-reader-text\">EM Bru-Stars<\/span><\/a><\/p>\n","protected":false},"author":2,"featured_media":0,"parent":47,"menu_order":0,"comment_status":"closed","ping_status":"closed","template":"","meta":{"om_disable_all_campaigns":false,"_monsterinsights_skip_tracking":false,"_monsterinsights_sitenote_active":false,"_monsterinsights_sitenote_note":"","_monsterinsights_sitenote_category":0,"_uf_show_specific_survey":0,"_uf_disable_surveys":false,"footnotes":""},"aioseo_notices":[],"yoast_head":"<!-- This site is optimized with the Yoast SEO plugin v21.0 - https:\/\/yoast.com\/wordpress\/plugins\/seo\/ -->\n<title>EM Bru-Stars - Bru-Stars<\/title>\n<meta name=\"robots\" content=\"index, follow, max-snippet:-1, max-image-preview:large, max-video-preview:-1\" \/>\n<link rel=\"canonical\" href=\"https:\/\/www.bru-stars.be\/programmes-et-offres-de-soins\/soins-de-crise\/soins-mobiles\/em-bru-stars\/\" \/>\n<meta property=\"og:locale\" content=\"en_US\" \/>\n<meta property=\"og:type\" content=\"article\" \/>\n<meta property=\"og:title\" content=\"EM Bru-Stars - Bru-Stars\" \/>\n<meta property=\"og:description\" content=\"Nom et \u00e2ge Langue Coordination m\u00e9dicale Sp\u00e9cificit\u00e9s M\u00e9dico-l\u00e9gale, situations \u00ab\u00a0sp\u00e9cifiques\u00a0\u00bb Francophone Dr. Carine De Buck (10h\/s) Assertif, mandat judiciaire (surtout 36,4, Art. 8, postcures Loi 90) Bilingue (0-18\/23a) Majoritairement NL,Read More EM Bru-Stars\" \/>\n<meta property=\"og:url\" content=\"https:\/\/www.bru-stars.be\/programmes-et-offres-de-soins\/soins-de-crise\/soins-mobiles\/em-bru-stars\/\" \/>\n<meta property=\"og:site_name\" content=\"Bru-Stars\" \/>\n<meta property=\"article:modified_time\" content=\"2023-12-05T21:30:18+00:00\" \/>\n<meta name=\"twitter:card\" content=\"summary_large_image\" \/>\n<meta name=\"twitter:label1\" content=\"Est. reading time\" \/>\n\t<meta name=\"twitter:data1\" content=\"1 minute\" \/>\n<script type=\"application\/ld+json\" class=\"yoast-schema-graph\">{\"@context\":\"https:\/\/schema.org\",\"@graph\":[{\"@type\":\"WebPage\",\"@id\":\"https:\/\/www.bru-stars.be\/programmes-et-offres-de-soins\/soins-de-crise\/soins-mobiles\/em-bru-stars\/\",\"url\":\"https:\/\/www.bru-stars.be\/programmes-et-offres-de-soins\/soins-de-crise\/soins-mobiles\/em-bru-stars\/\",\"name\":\"EM Bru-Stars - Bru-Stars\",\"isPartOf\":{\"@id\":\"https:\/\/www.bru-stars.be\/#website\"},\"datePublished\":\"2019-11-17T21:42:14+00:00\",\"dateModified\":\"2023-12-05T21:30:18+00:00\",\"breadcrumb\":{\"@id\":\"https:\/\/www.bru-stars.be\/programmes-et-offres-de-soins\/soins-de-crise\/soins-mobiles\/em-bru-stars\/#breadcrumb\"},\"inLanguage\":\"en-US\",\"potentialAction\":[{\"@type\":\"ReadAction\",\"target\":[\"https:\/\/www.bru-stars.be\/programmes-et-offres-de-soins\/soins-de-crise\/soins-mobiles\/em-bru-stars\/\"]}]},{\"@type\":\"BreadcrumbList\",\"@id\":\"https:\/\/www.bru-stars.be\/programmes-et-offres-de-soins\/soins-de-crise\/soins-mobiles\/em-bru-stars\/#breadcrumb\",\"itemListElement\":[{\"@type\":\"ListItem\",\"position\":1,\"name\":\"Accueil\",\"item\":\"https:\/\/www.bru-stars.be\/\"},{\"@type\":\"ListItem\",\"position\":2,\"name\":\"Programmes\",\"item\":\"http:\/\/www.bru-stars.be\/programmes-et-offres-de-soins\/\"},{\"@type\":\"ListItem\",\"position\":3,\"name\":\"Crise\",\"item\":\"https:\/\/www.bru-stars.be\/programmes-et-offres-de-soins\/soins-de-crise\/\"},{\"@type\":\"ListItem\",\"position\":4,\"name\":\"Soins mobiles\",\"item\":\"https:\/\/www.bru-stars.be\/programmes-et-offres-de-soins\/soins-de-crise\/soins-mobiles\/\"},{\"@type\":\"ListItem\",\"position\":5,\"name\":\"EM Bru-Stars\"}]},{\"@type\":\"WebSite\",\"@id\":\"https:\/\/www.bru-stars.be\/#website\",\"url\":\"https:\/\/www.bru-stars.be\/\",\"name\":\"Bru-Stars\",\"description\":\"R\u00e9seau bruxellois en sante mentale pour enfants et adolescents \u00b7 Brussels netwerk geestelijke gezondheid voor kinderen en jongeren\",\"publisher\":{\"@id\":\"https:\/\/www.bru-stars.be\/#organization\"},\"potentialAction\":[{\"@type\":\"SearchAction\",\"target\":{\"@type\":\"EntryPoint\",\"urlTemplate\":\"https:\/\/www.bru-stars.be\/?s={search_term_string}\"},\"query-input\":\"required name=search_term_string\"}],\"inLanguage\":\"en-US\"},{\"@type\":\"Organization\",\"@id\":\"https:\/\/www.bru-stars.be\/#organization\",\"name\":\"Bru-Stars\",\"url\":\"https:\/\/www.bru-stars.be\/\",\"logo\":{\"@type\":\"ImageObject\",\"inLanguage\":\"en-US\",\"@id\":\"https:\/\/www.bru-stars.be\/#\/schema\/logo\/image\/\",\"url\":\"http:\/\/www.bru-stars.be\/wp-content\/uploads\/2024\/07\/nouveau-logo-brustars.svg\",\"contentUrl\":\"http:\/\/www.bru-stars.be\/wp-content\/uploads\/2024\/07\/nouveau-logo-brustars.svg\",\"caption\":\"Bru-Stars\"},\"image\":{\"@id\":\"https:\/\/www.bru-stars.be\/#\/schema\/logo\/image\/\"}}]}<\/script>\n<!-- \/ Yoast SEO plugin. -->","yoast_head_json":{"title":"EM Bru-Stars - Bru-Stars","robots":{"index":"index","follow":"follow","max-snippet":"max-snippet:-1","max-image-preview":"max-image-preview:large","max-video-preview":"max-video-preview:-1"},"canonical":"https:\/\/www.bru-stars.be\/programmes-et-offres-de-soins\/soins-de-crise\/soins-mobiles\/em-bru-stars\/","og_locale":"en_US","og_type":"article","og_title":"EM Bru-Stars - Bru-Stars","og_description":"Nom et \u00e2ge Langue Coordination m\u00e9dicale Sp\u00e9cificit\u00e9s M\u00e9dico-l\u00e9gale, situations \u00ab\u00a0sp\u00e9cifiques\u00a0\u00bb Francophone Dr. Carine De Buck (10h\/s) Assertif, mandat judiciaire (surtout 36,4, Art. 8, postcures Loi 90) Bilingue (0-18\/23a) Majoritairement NL,Read More EM Bru-Stars","og_url":"https:\/\/www.bru-stars.be\/programmes-et-offres-de-soins\/soins-de-crise\/soins-mobiles\/em-bru-stars\/","og_site_name":"Bru-Stars","article_modified_time":"2023-12-05T21:30:18+00:00","twitter_card":"summary_large_image","twitter_misc":{"Est. reading time":"1 minute"},"schema":{"@context":"https:\/\/schema.org","@graph":[{"@type":"WebPage","@id":"https:\/\/www.bru-stars.be\/programmes-et-offres-de-soins\/soins-de-crise\/soins-mobiles\/em-bru-stars\/","url":"https:\/\/www.bru-stars.be\/programmes-et-offres-de-soins\/soins-de-crise\/soins-mobiles\/em-bru-stars\/","name":"EM Bru-Stars - Bru-Stars","isPartOf":{"@id":"https:\/\/www.bru-stars.be\/#website"},"datePublished":"2019-11-17T21:42:14+00:00","dateModified":"2023-12-05T21:30:18+00:00","breadcrumb":{"@id":"https:\/\/www.bru-stars.be\/programmes-et-offres-de-soins\/soins-de-crise\/soins-mobiles\/em-bru-stars\/#breadcrumb"},"inLanguage":"en-US","potentialAction":[{"@type":"ReadAction","target":["https:\/\/www.bru-stars.be\/programmes-et-offres-de-soins\/soins-de-crise\/soins-mobiles\/em-bru-stars\/"]}]},{"@type":"BreadcrumbList","@id":"https:\/\/www.bru-stars.be\/programmes-et-offres-de-soins\/soins-de-crise\/soins-mobiles\/em-bru-stars\/#breadcrumb","itemListElement":[{"@type":"ListItem","position":1,"name":"Accueil","item":"https:\/\/www.bru-stars.be\/"},{"@type":"ListItem","position":2,"name":"Programmes","item":"http:\/\/www.bru-stars.be\/programmes-et-offres-de-soins\/"},{"@type":"ListItem","position":3,"name":"Crise","item":"https:\/\/www.bru-stars.be\/programmes-et-offres-de-soins\/soins-de-crise\/"},{"@type":"ListItem","position":4,"name":"Soins mobiles","item":"https:\/\/www.bru-stars.be\/programmes-et-offres-de-soins\/soins-de-crise\/soins-mobiles\/"},{"@type":"ListItem","position":5,"name":"EM Bru-Stars"}]},{"@type":"WebSite","@id":"https:\/\/www.bru-stars.be\/#website","url":"https:\/\/www.bru-stars.be\/","name":"Bru-Stars","description":"R\u00e9seau bruxellois en sante mentale pour enfants et adolescents \u00b7 Brussels netwerk geestelijke gezondheid voor kinderen en jongeren","publisher":{"@id":"https:\/\/www.bru-stars.be\/#organization"},"potentialAction":[{"@type":"SearchAction","target":{"@type":"EntryPoint","urlTemplate":"https:\/\/www.bru-stars.be\/?s={search_term_string}"},"query-input":"required name=search_term_string"}],"inLanguage":"en-US"},{"@type":"Organization","@id":"https:\/\/www.bru-stars.be\/#organization","name":"Bru-Stars","url":"https:\/\/www.bru-stars.be\/","logo":{"@type":"ImageObject","inLanguage":"en-US","@id":"https:\/\/www.bru-stars.be\/#\/schema\/logo\/image\/","url":"http:\/\/www.bru-stars.be\/wp-content\/uploads\/2024\/07\/nouveau-logo-brustars.svg","contentUrl":"http:\/\/www.bru-stars.be\/wp-content\/uploads\/2024\/07\/nouveau-logo-brustars.svg","caption":"Bru-Stars"},"image":{"@id":"https:\/\/www.bru-stars.be\/#\/schema\/logo\/image\/"}}]}},"_links":{"self":[{"href":"http:\/\/www.bru-stars.be\/en\/wp-json\/wp\/v2\/pages\/407"}],"collection":[{"href":"http:\/\/www.bru-stars.be\/en\/wp-json\/wp\/v2\/pages"}],"about":[{"href":"http:\/\/www.bru-stars.be\/en\/wp-json\/wp\/v2\/types\/page"}],"author":[{"embeddable":true,"href":"http:\/\/www.bru-stars.be\/en\/wp-json\/wp\/v2\/users\/2"}],"replies":[{"embeddable":true,"href":"http:\/\/www.bru-stars.be\/en\/wp-json\/wp\/v2\/comments?post=407"}],"version-history":[{"count":7,"href":"http:\/\/www.bru-stars.be\/en\/wp-json\/wp\/v2\/pages\/407\/revisions"}],"predecessor-version":[{"id":1282,"href":"http:\/\/www.bru-stars.be\/en\/wp-json\/wp\/v2\/pages\/407\/revisions\/1282"}],"up":[{"embeddable":true,"href":"http:\/\/www.bru-stars.be\/en\/wp-json\/wp\/v2\/pages\/47"}],"wp:attachment":[{"href":"http:\/\/www.bru-stars.be\/en\/wp-json\/wp\/v2\/media?parent=407"}],"curies":[{"name":"wp","href":"https:\/\/api.w.org\/{rel}","templated":true}]}}

<figure class="wp-block-table">
<figure class="wp-block-table">
<table>
<tbody>
<tr>
<td><strong>Nom et âge</strong></td>
<td><strong>Langue</strong></td>
<td><strong>Coordination médicale</strong></td>
<td><strong>Spécificités</strong></td>
</tr>
<tr>
<td>Médico-légale, situations « spécifiques »</td>
<td>Francophone</td>
<td>Dr. Carine De Buck (10h/s)</td>
<td>Assertif, mandat judiciaire (surtout 36,4, Art. 8, postcures Loi 90)</td>
</tr>
<tr>
<td>Bilingue (0-18/23a)</td>
<td>Majoritairement NL, bilingue</td>
<td>Dr Marc Mertens (10h/s)</td>
<td>Crise + assertif</td>
</tr>
<tr>
<td>Petite enfance (0-11a)</td>
<td>Majoritairement FR, bilingue</td>
<td>Dr. Karim Odr (0,5 ETP)</td>
<td>Crise + assertif</td>
</tr>
<tr>
<td>Jeunes ados (12-15a)</td>
<td>Francophone</td>
<td>Dr. Anne François (0,5 ETP)</td>
<td>Crise + assertif</td>
</tr>
<tr>
<td>Grands ados (16-23a)</td>
<td>Francophone</td>
<td>Dr. Anne François (ad interim)</td>
<td>Crise + assertif</td>
</tr>
</tbody>
</table>
</figure>

<p>&nbsp;</p>

<p>•Médico-légal « aspécifique » (définition plus large qui implique la collaboration avec le TJ, SPJ, parquet,&#8230;)</p>

<p>&nbsp;</p>

<p>•Double diagnostic et MENA</p>
</figure>

<p>Nom et âge Langue Coordination médicale Spécificités Médico-légale, situations « spécifiques » Francophone Dr. Carine De Buck (10h/s) Assertif, mandat judiciaire (surtout 36,4, Art. 8, postcures Loi 90) Bilingue (0-18/23a) Majoritairement NL,<a href="http://www.bru-stars.be/en/programmes-et-offres-de-soins/soins-de-crise/soins-mobiles/em-bru-stars/" class="more-link">Read More <span class="screen-reader-text">EM Bru-Stars</span></a></p>

<!-- This site is optimized with the Yoast SEO plugin v21.0 - https://yoast.com/wordpress/plugins/seo/ -->
<title>EM Bru-Stars - Bru-Stars</title>
<meta name="robots" content="index, follow, max-snippet:-1, max-image-preview:large, max-video-preview:-1" />
<link rel="canonical" href="https://www.bru-stars.be/programmes-et-offres-de-soins/soins-de-crise/soins-mobiles/em-bru-stars/" />
<meta property="og:locale" content="en_US" />
<meta property="og:type" content="article" />
<meta property="og:title" content="EM Bru-Stars - Bru-Stars" />
<meta property="og:description" content="Nom et âge Langue Coordination médicale Spécificités Médico-légale, situations « spécifiques » Francophone Dr. Carine De Buck (10h/s) Assertif, mandat judiciaire (surtout 36,4, Art. 8, postcures Loi 90) Bilingue (0-18/23a) Majoritairement NL,Read More EM Bru-Stars" />
<meta property="og:url" content="https://www.bru-stars.be/programmes-et-offres-de-soins/soins-de-crise/soins-mobiles/em-bru-stars/" />
<meta property="og:site_name" content="Bru-Stars" />
<meta property="article:modified_time" content="2023-12-05T21:30:18+00:00" />
<meta name="twitter:card" content="summary_large_image" />
<meta name="twitter:label1" content="Est. reading time" />
	<meta name="twitter:data1" content="1 minute" />
<script type="application/ld+json" class="yoast-schema-graph">{"@context":"https://schema.org","@graph":[{"@type":"WebPage","@id":"https://www.bru-stars.be/programmes-et-offres-de-soins/soins-de-crise/soins-mobiles/em-bru-stars/","url":"https://www.bru-stars.be/programmes-et-offres-de-soins/soins-de-crise/soins-mobiles/em-bru-stars/","name":"EM Bru-Stars - Bru-Stars","isPartOf":{"@id":"https://www.bru-stars.be/#website"},"datePublished":"2019-11-17T21:42:14+00:00","dateModified":"2023-12-05T21:30:18+00:00","breadcrumb":{"@id":"https://www.bru-stars.be/programmes-et-offres-de-soins/soins-de-crise/soins-mobiles/em-bru-stars/#breadcrumb"},"inLanguage":"en-US","potentialAction":[{"@type":"ReadAction","target":["https://www.bru-stars.be/programmes-et-offres-de-soins/soins-de-crise/soins-mobiles/em-bru-stars/"]}]},{"@type":"BreadcrumbList","@id":"https://www.bru-stars.be/programmes-et-offres-de-soins/soins-de-crise/soins-mobiles/em-bru-stars/#breadcrumb","itemListElement":[{"@type":"ListItem","position":1,"name":"Accueil","item":"https://www.bru-stars.be/"},{"@type":"ListItem","position":2,"name":"Programmes","item":"http://www.bru-stars.be/programmes-et-offres-de-soins/"},{"@type":"ListItem","position":3,"name":"Crise","item":"https://www.bru-stars.be/programmes-et-offres-de-soins/soins-de-crise/"},{"@type":"ListItem","position":4,"name":"Soins mobiles","item":"https://www.bru-stars.be/programmes-et-offres-de-soins/soins-de-crise/soins-mobiles/"},{"@type":"ListItem","position":5,"name":"EM Bru-Stars"}]},{"@type":"WebSite","@id":"https://www.bru-stars.be/#website","url":"https://www.bru-stars.be/","name":"Bru-Stars","description":"Réseau bruxellois en sante mentale pour enfants et adolescents · Brussels netwerk geestelijke gezondheid voor kinderen en jongeren","publisher":{"@id":"https://www.bru-stars.be/#organization"},"potentialAction":[{"@type":"SearchAction","target":{"@type":"EntryPoint","urlTemplate":"https://www.bru-stars.be/?s={search_term_string}"},"query-input":"required name=search_term_string"}],"inLanguage":"en-US"},{"@type":"Organization","@id":"https://www.bru-stars.be/#organization","name":"Bru-Stars","url":"https://www.bru-stars.be/","logo":{"@type":"ImageObject","inLanguage":"en-US","@id":"https://www.bru-stars.be/#/schema/logo/image/","url":"http://www.bru-stars.be/wp-content/uploads/2024/07/nouveau-logo-brustars.svg","contentUrl":"http://www.bru-stars.be/wp-content/uploads/2024/07/nouveau-logo-brustars.svg","caption":"Bru-Stars"},"image":{"@id":"https://www.bru-stars.be/#/schema/logo/image/"}}]}</script>
<!-- / Yoast SEO plugin. -->

Nom et âge Langue Coordination médicale Spécificités Médico-légale, situations « spécifiques » Francophone Dr. Carine De Buck (10h/s) Assertif, mandat judiciaire (surtout 36,4, Art. 8, postcures Loi 90) Bilingue (0-18/23a) Majoritairement NL,Read More EM Bru-Stars

Réseau bruxellois en sante mentale pour enfants et adolescents · Brussels netwerk geestelijke gezondheid voor kinderen en jongeren
