{"id":298,"date":"2018-09-16T09:38:14","date_gmt":"2018-09-16T07:38:14","guid":{"rendered":"http:\/\/www.bru-stars.be\/?page_id=298"},"modified":"2024-08-22T16:26:43","modified_gmt":"2024-08-22T14:26:43","slug":"fasen","status":"publish","type":"page","link":"https:\/\/www.bru-stars.be\/nl\/onthaal\/fasen\/","title":{"rendered":"Fasen"},"content":{"rendered":"<p><span style=\"color: #1c2948; font-size: 14pt;\">Het nieuw geestelijk gezondheidsbeleid wordt stapsgewijs ge\u00efmplementeerd :<\/span><\/p>\n<div style=\"padding: 20px; border-radius: 10px; margin-top: 20px; background-color: #ffffff; box-shadow: 0 0px 10px rgba(0, 0, 0, 0.2);\">\n<h3><span style=\"color: #2a2d75;\">Eerste fase<\/span><\/h3>\n<ul style=\"list-style-type: disc;\">\n<li><span style=\"color: #1c2948;\">De nadruk is gelegd op de creatie en de <span style=\"text-decoration: underline;\">co\u00f6rdinatie van netwerken<\/span>.<\/span><\/li>\n<\/ul>\n<h3><span style=\"color: #2a2d75;\">Tweede fase<\/span><\/h3>\n<ul style=\"list-style-type: disc;\">\n<li>De tweede fase wordt ge\u00efmplementeerd zodra er op het terrein <span style=\"text-decoration: underline;\">functionerende netwerken<\/span> tot stand zijn gekomen, in overeenstemming met de visie, uitgangspunten en het model beschreven in de gids.<\/li>\n<li><span style=\"color: #1c2948;\">De ontwikkeling van een <span style=\"text-decoration: underline;\">programma crisiszorg<\/span> staat centraal.<\/span><\/li>\n<li>Het programma crisiszorg is globaal. Dat betekent dat het is ingebed in het crisisaanbod van alle partners, zorgaanbieders, instellingen en diensten die zich richten op kinderen, jongeren en hun context.<\/li>\n<\/ul>\n<h3><span style=\"color: #2a2d75;\">Derde en vierde fasen<\/span><\/h3>\n<ul style=\"list-style-type: disc;\">\n<li><span style=\"color: #1c2948;\">Deze fasen werden voorzien vanaf 2016 en omvatten de realisatie van de programma\u2019s <span style=\"text-decoration: underline;\">assertive care (langdurige of aanklampende zorg)<\/span> en <span style=\"text-decoration: underline;\">intersectorale consult en liaison<\/span>.<\/span><\/li>\n<\/ul>\n<h3><span style=\"color: #2a2d75;\">D\u00e9veloppements suppl\u00e9mentaires<\/span><\/h3>\n<ul style=\"list-style-type: disc;\">\n<li>Midden 2016 startten we met de uitwerking van een\u00a0zorgaanbod <span style=\"text-decoration: underline;\">dubbeldiagnose<\/span>.<\/li>\n<li>Vanaf midden 2017 beslisten de Gemeenschappen om aan de netwerken te vragen een programma <span style=\"text-decoration: underline;\">Vroegdetectie en -Interventie<\/span> te ontwikkelen.<\/li>\n<li>Eind 2018 voorzag de Vlaamse Overheid een budget om een programma <span style=\"text-decoration: underline;\">Outreach\u00a0<\/span>te ontwikkelen om zo de competenties rond de geestelijke gezondheidszorg in Nederlandstalige diensten jeugdzorg te versterken.<\/li>\n<\/ul>\n<\/div>\n<p><\/p>","protected":false},"excerpt":{"rendered":"<p>Het nieuw geestelijk gezondheidsbeleid wordt stapsgewijs ge\u00efmplementeerd : Eerste fase De nadruk is gelegd op de creatie en de co\u00f6rdinatie van netwerken. Tweede fase De tweede fase wordt ge\u00efmplementeerd zodra<a href=\"https:\/\/www.bru-stars.be\/nl\/onthaal\/fasen\/\" class=\"more-link\">Read More <span class=\"screen-reader-text\">Fasen<\/span><\/a><\/p>\n","protected":false},"author":2,"featured_media":2202,"parent":28,"menu_order":0,"comment_status":"closed","ping_status":"closed","template":"","meta":{"om_disable_all_campaigns":false,"_monsterinsights_skip_tracking":false,"_monsterinsights_sitenote_active":false,"_monsterinsights_sitenote_note":"","_monsterinsights_sitenote_category":0,"_uf_show_specific_survey":0,"_uf_disable_surveys":false,"footnotes":""},"aioseo_notices":[],"yoast_head":"<!-- This site is optimized with the Yoast SEO plugin v21.0 - https:\/\/yoast.com\/wordpress\/plugins\/seo\/ -->\n<title>Fasen - Bru-Stars<\/title>\n<meta name=\"robots\" content=\"index, follow, max-snippet:-1, max-image-preview:large, max-video-preview:-1\" \/>\n<link rel=\"canonical\" href=\"https:\/\/www.bru-stars.be\/nl\/onthaal\/fasen\/\" \/>\n<meta property=\"og:locale\" content=\"nl_NL\" \/>\n<meta property=\"og:type\" content=\"article\" \/>\n<meta property=\"og:title\" content=\"Fasen - Bru-Stars\" \/>\n<meta property=\"og:description\" content=\"Het nieuw geestelijk gezondheidsbeleid wordt stapsgewijs ge\u00efmplementeerd : Eerste fase De nadruk is gelegd op de creatie en de co\u00f6rdinatie van netwerken. Tweede fase De tweede fase wordt ge\u00efmplementeerd zodraRead More Fasen\" \/>\n<meta property=\"og:url\" content=\"https:\/\/www.bru-stars.be\/nl\/onthaal\/fasen\/\" \/>\n<meta property=\"og:site_name\" content=\"Bru-Stars\" \/>\n<meta property=\"article:modified_time\" content=\"2024-08-22T14:26:43+00:00\" \/>\n<meta property=\"og:image\" content=\"https:\/\/www.bru-stars.be\/wp-content\/uploads\/2024\/08\/Banner-Site-Web-10.png\" \/>\n\t<meta property=\"og:image:width\" content=\"4950\" \/>\n\t<meta property=\"og:image:height\" content=\"1238\" \/>\n\t<meta property=\"og:image:type\" content=\"image\/png\" \/>\n<meta name=\"twitter:card\" content=\"summary_large_image\" \/>\n<meta name=\"twitter:label1\" content=\"Geschatte leestijd\" \/>\n\t<meta name=\"twitter:data1\" content=\"2 minuten\" \/>\n<script type=\"application\/ld+json\" class=\"yoast-schema-graph\">{\"@context\":\"https:\/\/schema.org\",\"@graph\":[{\"@type\":\"WebPage\",\"@id\":\"https:\/\/www.bru-stars.be\/nl\/onthaal\/fasen\/\",\"url\":\"https:\/\/www.bru-stars.be\/nl\/onthaal\/fasen\/\",\"name\":\"Fasen - Bru-Stars\",\"isPartOf\":{\"@id\":\"https:\/\/www.bru-stars.be\/#website\"},\"datePublished\":\"2018-09-16T07:38:14+00:00\",\"dateModified\":\"2024-08-22T14:26:43+00:00\",\"breadcrumb\":{\"@id\":\"https:\/\/www.bru-stars.be\/nl\/onthaal\/fasen\/#breadcrumb\"},\"inLanguage\":\"nl-NL\",\"potentialAction\":[{\"@type\":\"ReadAction\",\"target\":[\"https:\/\/www.bru-stars.be\/nl\/onthaal\/fasen\/\"]}]},{\"@type\":\"BreadcrumbList\",\"@id\":\"https:\/\/www.bru-stars.be\/nl\/onthaal\/fasen\/#breadcrumb\",\"itemListElement\":[{\"@type\":\"ListItem\",\"position\":1,\"name\":\"Accueil\",\"item\":\"https:\/\/www.bru-stars.be\/\"},{\"@type\":\"ListItem\",\"position\":2,\"name\":\"Accueil\",\"item\":\"https:\/\/www.bru-stars.be\/\"},{\"@type\":\"ListItem\",\"position\":3,\"name\":\"Fasen\"}]},{\"@type\":\"WebSite\",\"@id\":\"https:\/\/www.bru-stars.be\/#website\",\"url\":\"https:\/\/www.bru-stars.be\/\",\"name\":\"Bru-Stars\",\"description\":\"R\u00e9seau bruxellois en sante mentale pour enfants et adolescents \u00b7 Brussels netwerk geestelijke gezondheid voor kinderen en jongeren\",\"publisher\":{\"@id\":\"https:\/\/www.bru-stars.be\/#organization\"},\"potentialAction\":[{\"@type\":\"SearchAction\",\"target\":{\"@type\":\"EntryPoint\",\"urlTemplate\":\"https:\/\/www.bru-stars.be\/?s={search_term_string}\"},\"query-input\":\"required name=search_term_string\"}],\"inLanguage\":\"nl-NL\"},{\"@type\":\"Organization\",\"@id\":\"https:\/\/www.bru-stars.be\/#organization\",\"name\":\"Bru-Stars\",\"url\":\"https:\/\/www.bru-stars.be\/\",\"logo\":{\"@type\":\"ImageObject\",\"inLanguage\":\"nl-NL\",\"@id\":\"https:\/\/www.bru-stars.be\/#\/schema\/logo\/image\/\",\"url\":\"https:\/\/www.bru-stars.be\/wp-content\/uploads\/2024\/07\/nouveau-logo-brustars.svg\",\"contentUrl\":\"https:\/\/www.bru-stars.be\/wp-content\/uploads\/2024\/07\/nouveau-logo-brustars.svg\",\"caption\":\"Bru-Stars\"},\"image\":{\"@id\":\"https:\/\/www.bru-stars.be\/#\/schema\/logo\/image\/\"}}]}<\/script>\n<!-- \/ Yoast SEO plugin. -->","yoast_head_json":{"title":"Fasen - Bru-Stars","robots":{"index":"index","follow":"follow","max-snippet":"max-snippet:-1","max-image-preview":"max-image-preview:large","max-video-preview":"max-video-preview:-1"},"canonical":"https:\/\/www.bru-stars.be\/nl\/onthaal\/fasen\/","og_locale":"nl_NL","og_type":"article","og_title":"Fasen - Bru-Stars","og_description":"Het nieuw geestelijk gezondheidsbeleid wordt stapsgewijs ge\u00efmplementeerd : Eerste fase De nadruk is gelegd op de creatie en de co\u00f6rdinatie van netwerken. Tweede fase De tweede fase wordt ge\u00efmplementeerd zodraRead More Fasen","og_url":"https:\/\/www.bru-stars.be\/nl\/onthaal\/fasen\/","og_site_name":"Bru-Stars","article_modified_time":"2024-08-22T14:26:43+00:00","og_image":[{"width":4950,"height":1238,"url":"https:\/\/www.bru-stars.be\/wp-content\/uploads\/2024\/08\/Banner-Site-Web-10.png","type":"image\/png"}],"twitter_card":"summary_large_image","twitter_misc":{"Geschatte leestijd":"2 minuten"},"schema":{"@context":"https:\/\/schema.org","@graph":[{"@type":"WebPage","@id":"https:\/\/www.bru-stars.be\/nl\/onthaal\/fasen\/","url":"https:\/\/www.bru-stars.be\/nl\/onthaal\/fasen\/","name":"Fasen - Bru-Stars","isPartOf":{"@id":"https:\/\/www.bru-stars.be\/#website"},"datePublished":"2018-09-16T07:38:14+00:00","dateModified":"2024-08-22T14:26:43+00:00","breadcrumb":{"@id":"https:\/\/www.bru-stars.be\/nl\/onthaal\/fasen\/#breadcrumb"},"inLanguage":"nl-NL","potentialAction":[{"@type":"ReadAction","target":["https:\/\/www.bru-stars.be\/nl\/onthaal\/fasen\/"]}]},{"@type":"BreadcrumbList","@id":"https:\/\/www.bru-stars.be\/nl\/onthaal\/fasen\/#breadcrumb","itemListElement":[{"@type":"ListItem","position":1,"name":"Accueil","item":"https:\/\/www.bru-stars.be\/"},{"@type":"ListItem","position":2,"name":"Accueil","item":"https:\/\/www.bru-stars.be\/"},{"@type":"ListItem","position":3,"name":"Fasen"}]},{"@type":"WebSite","@id":"https:\/\/www.bru-stars.be\/#website","url":"https:\/\/www.bru-stars.be\/","name":"Bru-Stars","description":"R\u00e9seau bruxellois en sante mentale pour enfants et adolescents \u00b7 Brussels netwerk geestelijke gezondheid voor kinderen en jongeren","publisher":{"@id":"https:\/\/www.bru-stars.be\/#organization"},"potentialAction":[{"@type":"SearchAction","target":{"@type":"EntryPoint","urlTemplate":"https:\/\/www.bru-stars.be\/?s={search_term_string}"},"query-input":"required name=search_term_string"}],"inLanguage":"nl-NL"},{"@type":"Organization","@id":"https:\/\/www.bru-stars.be\/#organization","name":"Bru-Stars","url":"https:\/\/www.bru-stars.be\/","logo":{"@type":"ImageObject","inLanguage":"nl-NL","@id":"https:\/\/www.bru-stars.be\/#\/schema\/logo\/image\/","url":"https:\/\/www.bru-stars.be\/wp-content\/uploads\/2024\/07\/nouveau-logo-brustars.svg","contentUrl":"https:\/\/www.bru-stars.be\/wp-content\/uploads\/2024\/07\/nouveau-logo-brustars.svg","caption":"Bru-Stars"},"image":{"@id":"https:\/\/www.bru-stars.be\/#\/schema\/logo\/image\/"}}]}},"_links":{"self":[{"href":"https:\/\/www.bru-stars.be\/nl\/wp-json\/wp\/v2\/pages\/298"}],"collection":[{"href":"https:\/\/www.bru-stars.be\/nl\/wp-json\/wp\/v2\/pages"}],"about":[{"href":"https:\/\/www.bru-stars.be\/nl\/wp-json\/wp\/v2\/types\/page"}],"author":[{"embeddable":true,"href":"https:\/\/www.bru-stars.be\/nl\/wp-json\/wp\/v2\/users\/2"}],"replies":[{"embeddable":true,"href":"https:\/\/www.bru-stars.be\/nl\/wp-json\/wp\/v2\/comments?post=298"}],"version-history":[{"count":10,"href":"https:\/\/www.bru-stars.be\/nl\/wp-json\/wp\/v2\/pages\/298\/revisions"}],"predecessor-version":[{"id":2072,"href":"https:\/\/www.bru-stars.be\/nl\/wp-json\/wp\/v2\/pages\/298\/revisions\/2072"}],"up":[{"embeddable":true,"href":"https:\/\/www.bru-stars.be\/nl\/wp-json\/wp\/v2\/pages\/28"}],"wp:featuredmedia":[{"embeddable":true,"href":"https:\/\/www.bru-stars.be\/nl\/wp-json\/wp\/v2\/media\/2202"}],"wp:attachment":[{"href":"https:\/\/www.bru-stars.be\/nl\/wp-json\/wp\/v2\/media?parent=298"}],"curies":[{"name":"wp","href":"https:\/\/api.w.org\/{rel}","templated":true}]}}

<p><span style="color: #1c2948; font-size: 14pt;">Het nieuw geestelijk gezondheidsbeleid wordt stapsgewijs geïmplementeerd :</span></p>
<div style="padding: 20px; border-radius: 10px; margin-top: 20px; background-color: #ffffff; box-shadow: 0 0px 10px rgba(0, 0, 0, 0.2);">
<h3><span style="color: #2a2d75;">Eerste fase</span></h3>
<ul style="list-style-type: disc;">
<li><span style="color: #1c2948;">De nadruk is gelegd op de creatie en de <span style="text-decoration: underline;">coördinatie van netwerken</span>.</span></li>
</ul>
<h3><span style="color: #2a2d75;">Tweede fase</span></h3>
<ul style="list-style-type: disc;">
<li>De tweede fase wordt geïmplementeerd zodra er op het terrein <span style="text-decoration: underline;">functionerende netwerken</span> tot stand zijn gekomen, in overeenstemming met de visie, uitgangspunten en het model beschreven in de gids.</li>
<li><span style="color: #1c2948;">De ontwikkeling van een <span style="text-decoration: underline;">programma crisiszorg</span> staat centraal.</span></li>
<li>Het programma crisiszorg is globaal. Dat betekent dat het is ingebed in het crisisaanbod van alle partners, zorgaanbieders, instellingen en diensten die zich richten op kinderen, jongeren en hun context.</li>
</ul>
<h3><span style="color: #2a2d75;">Derde en vierde fasen</span></h3>
<ul style="list-style-type: disc;">
<li><span style="color: #1c2948;">Deze fasen werden voorzien vanaf 2016 en omvatten de realisatie van de programma’s <span style="text-decoration: underline;">assertive care (langdurige of aanklampende zorg)</span> en <span style="text-decoration: underline;">intersectorale consult en liaison</span>.</span></li>
</ul>
<h3><span style="color: #2a2d75;">Développements supplémentaires</span></h3>
<ul style="list-style-type: disc;">
<li>Midden 2016 startten we met de uitwerking van een zorgaanbod <span style="text-decoration: underline;">dubbeldiagnose</span>.</li>
<li>Vanaf midden 2017 beslisten de Gemeenschappen om aan de netwerken te vragen een programma <span style="text-decoration: underline;">Vroegdetectie en -Interventie</span> te ontwikkelen.</li>
<li>Eind 2018 voorzag de Vlaamse Overheid een budget om een programma <span style="text-decoration: underline;">Outreach </span>te ontwikkelen om zo de competenties rond de geestelijke gezondheidszorg in Nederlandstalige diensten jeugdzorg te versterken.</li>
</ul>
</div>
<p></p>

<p>Het nieuw geestelijk gezondheidsbeleid wordt stapsgewijs geïmplementeerd : Eerste fase De nadruk is gelegd op de creatie en de coördinatie van netwerken. Tweede fase De tweede fase wordt geïmplementeerd zodra<a href="https://www.bru-stars.be/nl/onthaal/fasen/" class="more-link">Read More <span class="screen-reader-text">Fasen</span></a></p>

<!-- This site is optimized with the Yoast SEO plugin v21.0 - https://yoast.com/wordpress/plugins/seo/ -->
<title>Fasen - Bru-Stars</title>
<meta name="robots" content="index, follow, max-snippet:-1, max-image-preview:large, max-video-preview:-1" />
<link rel="canonical" href="https://www.bru-stars.be/nl/onthaal/fasen/" />
<meta property="og:locale" content="nl_NL" />
<meta property="og:type" content="article" />
<meta property="og:title" content="Fasen - Bru-Stars" />
<meta property="og:description" content="Het nieuw geestelijk gezondheidsbeleid wordt stapsgewijs geïmplementeerd : Eerste fase De nadruk is gelegd op de creatie en de coördinatie van netwerken. Tweede fase De tweede fase wordt geïmplementeerd zodraRead More Fasen" />
<meta property="og:url" content="https://www.bru-stars.be/nl/onthaal/fasen/" />
<meta property="og:site_name" content="Bru-Stars" />
<meta property="article:modified_time" content="2024-08-22T14:26:43+00:00" />
<meta property="og:image" content="https://www.bru-stars.be/wp-content/uploads/2024/08/Banner-Site-Web-10.png" />
	<meta property="og:image:width" content="4950" />
	<meta property="og:image:height" content="1238" />
	<meta property="og:image:type" content="image/png" />
<meta name="twitter:card" content="summary_large_image" />
<meta name="twitter:label1" content="Geschatte leestijd" />
	<meta name="twitter:data1" content="2 minuten" />
<script type="application/ld+json" class="yoast-schema-graph">{"@context":"https://schema.org","@graph":[{"@type":"WebPage","@id":"https://www.bru-stars.be/nl/onthaal/fasen/","url":"https://www.bru-stars.be/nl/onthaal/fasen/","name":"Fasen - Bru-Stars","isPartOf":{"@id":"https://www.bru-stars.be/#website"},"datePublished":"2018-09-16T07:38:14+00:00","dateModified":"2024-08-22T14:26:43+00:00","breadcrumb":{"@id":"https://www.bru-stars.be/nl/onthaal/fasen/#breadcrumb"},"inLanguage":"nl-NL","potentialAction":[{"@type":"ReadAction","target":["https://www.bru-stars.be/nl/onthaal/fasen/"]}]},{"@type":"BreadcrumbList","@id":"https://www.bru-stars.be/nl/onthaal/fasen/#breadcrumb","itemListElement":[{"@type":"ListItem","position":1,"name":"Accueil","item":"https://www.bru-stars.be/"},{"@type":"ListItem","position":2,"name":"Accueil","item":"https://www.bru-stars.be/"},{"@type":"ListItem","position":3,"name":"Fasen"}]},{"@type":"WebSite","@id":"https://www.bru-stars.be/#website","url":"https://www.bru-stars.be/","name":"Bru-Stars","description":"Réseau bruxellois en sante mentale pour enfants et adolescents · Brussels netwerk geestelijke gezondheid voor kinderen en jongeren","publisher":{"@id":"https://www.bru-stars.be/#organization"},"potentialAction":[{"@type":"SearchAction","target":{"@type":"EntryPoint","urlTemplate":"https://www.bru-stars.be/?s={search_term_string}"},"query-input":"required name=search_term_string"}],"inLanguage":"nl-NL"},{"@type":"Organization","@id":"https://www.bru-stars.be/#organization","name":"Bru-Stars","url":"https://www.bru-stars.be/","logo":{"@type":"ImageObject","inLanguage":"nl-NL","@id":"https://www.bru-stars.be/#/schema/logo/image/","url":"https://www.bru-stars.be/wp-content/uploads/2024/07/nouveau-logo-brustars.svg","contentUrl":"https://www.bru-stars.be/wp-content/uploads/2024/07/nouveau-logo-brustars.svg","caption":"Bru-Stars"},"image":{"@id":"https://www.bru-stars.be/#/schema/logo/image/"}}]}</script>
<!-- / Yoast SEO plugin. -->

Het nieuw geestelijk gezondheidsbeleid wordt stapsgewijs geïmplementeerd : Eerste fase De nadruk is gelegd op de creatie en de coördinatie van netwerken. Tweede fase De tweede fase wordt geïmplementeerd zodraRead More Fasen

Réseau bruxellois en sante mentale pour enfants et adolescents · Brussels netwerk geestelijke gezondheid voor kinderen en jongeren
